of 289172961?
3, 7, 11, 59611
What are the prime factors of 57445861?
11, 173, 30187
List the prime factors of 203328018.
2, 3, 11296001
What are the prime factors of 2785350015?
3, 5, 7, 397, 22273
List the prime factors of 70651277.
70651277
What are the prime factors of 3023712468?
2, 3, 7, 11998859
What are the prime factors of 44446767?
3, 101, 383
What are the prime factors of 329458483?
31, 659, 16127
List the prime factors of 1025531.
13, 78887
What are the prime factors of 178286395?
5, 7, 17, 109, 2749
List the prime factors of 35537916.
2, 3, 709, 4177
What are the prime factors of 909386971?
701, 1297271
What are the prime factors of 103847524?
2, 11, 214561
What are the prime factors of 41180554?
2, 47, 438091
List the prime factors of 498243084.
2, 3, 29, 1431733
What are the prime factors of 4224493751?
59, 331, 216319
List the prime factors of 274098824.
2, 151, 226903
List the prime factors of 7136546.
2, 613, 5821
List the prime factors of 87151768.
2, 11, 990361
What are the prime factors of 52465860?
2, 3, 5, 97159
What are the prime factors of 13061772?
2, 3, 157, 2311
List the prime factors of 56148394.
2, 28074197
List the prime factors of 332115756.
2, 3, 7, 3953759
What are the prime factors of 291345?
3, 5, 19423
List the prime factors of 810986487.
3, 109, 2480081
List the prime factors of 2276812476.
2, 3, 73, 96263
What are the prime factors of 197863562?
2, 13, 211, 36067
What are the prime factors of 990409389?
3, 2003, 164821
What are the prime factors of 80969969?
67, 1208507
List the prime factors of 1494982584.
2, 3, 17, 1221391
List the prime factors of 277340350.
2, 5, 7, 83, 9547
List the prime factors of 39702435.
3, 5, 1283, 2063
List the prime factors of 100968827.
23, 1693, 2593
What are the prime factors of 734473144?
2, 91809143
What are the prime factors of 4229285980?
2, 5, 31, 367, 18587
List the prime factors of 1075866045.
3, 5, 229, 313207
What are the prime factors of 2757458774?
2, 7, 2371, 83071
What are the prime factors of 2619040446?
2, 3, 11, 19, 109, 2129
List the prime factors of 118445668.
2, 11, 31, 86837
List the prime factors of 148018313.
103, 503, 2857
List the prime factors of 65112132.
2, 3, 61, 88951
What are the prime factors of 46870827?
3, 191, 81799
What are the prime factors of 753281485?
5, 11, 137, 99971
What are the prime factors of 274564564?
2, 68641141
List the prime factors of 22388557.
22388557
What are the prime factors of 577471439?
101, 647, 8837
What are the prime factors of 52840398?
2, 3, 13, 677441
What are the prime factors of 77041368?
2, 3, 118891
What are the prime factors of 22662147?
3, 31, 67, 3637
What are the prime factors of 162932184?
2, 3, 23, 98389
List the prime factors of 3024453.
3, 17, 31, 1913
List the prime factors of 455188988.
2, 29, 197, 19919
List the prime factors of 873004232.
2, 43, 2537803
List the prime factors of 199513996.
2, 11, 412219
What are the prime factors of 63114873?
3, 21038291
List the prime factors of 2322895671.
3, 86033173
What are the prime factors of 2529164?
2, 11, 47, 1223
What are the prime factors of 35585702?
2, 17792851
List the prime factors of 135378736.
2, 23, 31, 11867
List the prime factors of 5760958.
2, 7, 157, 2621
What are the prime factors of 34757603?
31, 173, 6481
List the prime factors of 6029228733.
3, 11, 227, 317, 2539
List the prime factors of 178562020.
2, 5, 7, 13, 7547
List the prime factors of 7572936260.
2, 5, 378646813
What are the prime factors of 67385609?
19, 97, 36563
List the prime factors of 3696556063.
47, 1673407
What are the prime factors of 38835307?
7, 5547901
What are the prime factors of 1263345320?
2, 5, 31583633
What are the prime factors of 245309197?
7, 59, 593969
List the prime factors of 10396833.
3, 3465611
What are the prime factors of 3542788?
2, 103, 8599
List the prime factors of 68295333.
3, 22765111
What are the prime factors of 87494539?
11, 7954049
List the prime factors of 557789028.
2, 3, 547, 84977
What are the prime factors of 47431144?
2, 19, 312047
What are the prime factors of 459335119?
59, 7785341
List the prime factors of 17224962.
2, 3, 829, 3463
What are the prime factors of 2592125395?
5, 359, 1444081
List the prime factors of 30789754.
2, 17, 905581
List the prime factors of 4371491118.
2, 3, 1153, 631901
What are the prime factors of 2890362773?
41, 379, 186007
What are the prime factors of 860596768?
2, 26893649
List the prime factors of 24710869.
24710869
What are the prime factors of 310982697?
3, 61, 566453
What are the prime factors of 1303329135?
3, 5, 1283, 67723
List the prime factors of 83359653.
3, 13, 17, 125731
List the prime factors of 104437639.
104437639
List the prime factors of 1654410999.
3, 23, 673, 1549
List the prime factors of 208323422.
2, 179, 581909
What are the prime factors of 12888333?
3, 383, 3739
What are the prime factors of 373696704?
2, 3, 648779
List the prime factors of 3098980804.
2, 61, 12700741
What are the prime factors of 4541410479?
3, 28933, 52321
What are the prime factors of 5085957873?
3, 41, 67, 617153
List the prime factors of 102868453.
102868453
List the prime factors of 107553365.
5, 79, 272287
List the prime factors of 107627986.
2, 17, 661, 4789
What are the prime factors of 578262699?
3, 7, 79, 38729
What are the prime factors of 1765548767?
1765548767
What are the prime factors of 4512711447?
3, 31, 53, 89, 127
List the prime factors of 239949785.
5, 89, 523, 1031
What are the prime factors of 43521313?
11, 23, 172021
What are the prime factors of 1262722016?
2, 39460063
List the prime factors of 1051852575.
3, 5, 53, 71, 3727
List the prime factors of 31997348.
2, 619, 12923
What are the prime factors of 39251160?
2, 3, 5, 13, 8387
What are the prime factors of 116280105?
3, 5, 7752007
What are the prime factors of 392476043?
419, 936697
What are the prime factors of 972885873?
3, 569, 569939
List the prime factors of 41815299.
3, 1381, 10093
What are the prime factors of 31068852?
2, 3, 2589071
List the prime factors of 345012988.
2, 86253247
What are the prime factors of 3573238419?
3, 61, 401, 16231
What are the prime factors of 342718917?
3, 71, 1609009
What are the prime factors of 96215077?
7, 251, 7823
What are the prime factors of 303046466?
2, 19, 137, 58211
What are the prime factors of 106226746?
2, 53113373
List the prime factors of 77856673.
311, 250343
What are the prime factors of 219720294?
2, 3, 19, 642457
List the prime factors of 102438775.
5, 4097551
List the prime factors of 228645463.
233, 981311
What are the prime factors of 57544969?
1409, 40841
List the prime factors of 1899767775.
3, 5, 37, 53, 12917
List the prime factors of 1319668904.
2, 379, 435247
What are the prime factors of 92752008?
2, 3, 23, 168029
List the prime factors of 27611316.
2, 3, 23, 33347
List the prime factors of 46810622.
2, 17, 67, 20549
List the prime factors of 632988693.
3, 17, 4137181
List the prime factors of 3374926689.
3, 23, 79, 619139
List the prime factors of 60025024.
2, 937891
List the prime factors of 269693789.
8887, 30347
What are the prime factors of 483210187?
409, 1181443
List the prime factors of 216621779.
11, 19692889
List the prime factors of 81076583.
7, 37, 313037
List the prime factors of 68033483.
7, 61, 283, 563
What are the prime factors of 355055203?
41, 199, 43517
List the prime factors of 409072431.
3, 103, 12853
List the prime factors of 780181018.
2, 390090509
List the prime factors of 72383725.
5, 2895349
List the prime factors of 69291113.
47, 569, 2591
List the prime factors of 2318918619.
3, 29, 103, 258779
List the prime factors of 2719146436.
2, 679786609
List the prime factors of 13879381.
349, 39769
What are the prime factors of 3283822119?
3, 17, 1049, 61381
List the prime factors of 27621062.
2, 7, 31, 2053
What are the prime factors of 269031855?
3, 5, 17935457
List the prime factors of 32074698.
2, 3, 19, 281357
What are the prime factors of 579226997?
8221, 70457
List the prime factors of 71504356.
2, 7, 11, 43, 5399
What are the prime factors of 792130341?
3, 409, 645583
List the prime factors of 53639616.
2, 3, 337, 829
List the prime factors of 491039385.
3, 5, 32735959
List the prime factors of 2328843566.
2, 7, 17, 19, 31, 37, 449
Wh